{"id":8,"date":"2026-04-09T22:04:26","date_gmt":"2026-04-09T22:04:26","guid":{"rendered":"https:\/\/138.68.85.162\/?page_id=8"},"modified":"2026-04-09T22:53:40","modified_gmt":"2026-04-09T22:53:40","slug":"cart","status":"publish","type":"page","link":"https:\/\/kate-beautynow.com\/?page_id=8","title":{"rendered":"Cart"},"content":{"rendered":"\n<div data-block-name=\"woocommerce\/cart\" class=\"wp-block-woocommerce-cart alignwide is-loading\">\n<div data-block-name=\"woocommerce\/filled-cart-block\" class=\"wp-block-woocommerce-filled-cart-block\">\n<div data-block-name=\"woocommerce\/cart-items-block\" class=\"wp-block-woocommerce-cart-items-block\">\n<div data-block-name=\"woocommerce\/cart-line-items-block\" class=\"wp-block-woocommerce-cart-line-items-block\"><\/div>\n\n\n<\/div>\n\n\n\n\n<div data-block-name=\"woocommerce\/cart-totals-block\" class=\"wp-block-woocommerce-cart-totals-block\">\n<div data-block-name=\"woocommerce\/cart-order-summary-block\" class=\"wp-block-woocommerce-cart-order-summary-block\">\n<div data-block-name=\"woocommerce\/cart-order-summary-heading-block\" class=\"wp-block-woocommerce-cart-order-summary-heading-block\"><\/div><div data-block-name=\"woocommerce\/cart-order-summary-coupon-form-block\" class=\"wp-block-woocommerce-cart-order-summary-coupon-form-block\"><\/div><div data-block-name=\"woocommerce\/cart-order-summary-totals-block\" class=\"wp-block-woocommerce-cart-order-summary-totals-block\">\n<div data-block-name=\"woocommerce\/cart-order-summary-subtotal-block\" class=\"wp-block-woocommerce-cart-order-summary-subtotal-block\"><\/div>\n<div data-block-name=\"woocommerce\/cart-order-summary-discount-block\" class=\"wp-block-woocommerce-cart-order-summary-discount-block\"><\/div>\n<div data-block-name=\"woocommerce\/cart-order-summary-fee-block\" class=\"wp-block-woocommerce-cart-order-summary-fee-block\"><\/div>\n<div data-block-name=\"woocommerce\/cart-order-summary-shipping-block\" class=\"wp-block-woocommerce-cart-order-summary-shipping-block\"><\/div>\n<div data-block-name=\"woocommerce\/cart-order-summary-taxes-block\" class=\"wp-block-woocommerce-cart-order-summary-taxes-block\"><\/div><\/div>\n<\/div>\n\n\n\n<div data-block-name=\"woocommerce\/cart-express-payment-block\" class=\"wp-block-woocommerce-cart-express-payment-block\"><\/div>\n\n\n\n<div data-block-name=\"woocommerce\/proceed-to-checkout-block\" class=\"wp-block-woocommerce-proceed-to-checkout-block\"><\/div>\n\n\n\n<div data-block-name=\"woocommerce\/cart-accepted-payment-methods-block\" class=\"wp-block-woocommerce-cart-accepted-payment-methods-block\"><\/div>\n<\/div>\n<\/div>\n\n\n\n<div data-block-name=\"woocommerce\/empty-cart-block\" class=\"wp-block-woocommerce-empty-cart-block\">\n<h2 class=\"wp-block-heading has-text-align-center with-empty-cart-icon wc-block-cart__empty-cart__title\">Your cart is currently empty!<\/h2>\n\n\n\n<hr class=\"wp-block-separator has-alpha-channel-opacity is-style-dots\"\/>\n\n\n\n<h2 class=\"wp-block-heading has-text-align-center\">New in store<\/h2>\n\n\n<div data-block-name=\"woocommerce\/product-new\" data-columns=\"4\" data-rows=\"1\" class=\"wc-block-grid wp-block-product-new wp-block-woocommerce-product-new wc-block-product-new has-4-columns\"><ul class=\"wc-block-grid__products\"><li class=\"wc-block-grid__product product-grid \">\n\t\t\t\t<div class=\"loop-image-wrap botiga-add-to-cart-button-layout3\">\n\t\t\t\t\t<a href=\"https:\/\/kate-beautynow.com\/?product=ziepes-dove-gentle-exfoliating-90g\" class=\"wc-block-grid__product-link\" title=\"Add to cart\">\n\t\t\t\t\t\t<div class=\"wc-block-grid__product-image\"><img loading=\"lazy\" decoding=\"async\" width=\"350\" height=\"350\" src=\"https:\/\/kate-beautynow.com\/wp-content\/uploads\/2026\/04\/dove2-380x380.jpg\" class=\"attachment-woocommerce_thumbnail size-woocommerce_thumbnail\" alt=\"Ziepes &quot;Dove&quot; Gentle Exfoliating, 90g\" srcset=\"https:\/\/kate-beautynow.com\/wp-content\/uploads\/2026\/04\/dove2-380x380.jpg 380w, https:\/\/kate-beautynow.com\/wp-content\/uploads\/2026\/04\/dove2-e1775787344496-150x150.jpg 150w, https:\/\/kate-beautynow.com\/wp-content\/uploads\/2026\/04\/dove2-e1775787344496-100x100.jpg 100w, https:\/\/kate-beautynow.com\/wp-content\/uploads\/2026\/04\/dove2-300x300.jpg 300w, https:\/\/kate-beautynow.com\/wp-content\/uploads\/2026\/04\/dove2-768x769.jpg 768w, https:\/\/kate-beautynow.com\/wp-content\/uploads\/2026\/04\/dove2-575x576.jpg 575w, https:\/\/kate-beautynow.com\/wp-content\/uploads\/2026\/04\/dove2-420x420.jpg 420w, https:\/\/kate-beautynow.com\/wp-content\/uploads\/2026\/04\/dove2-800x801.jpg 800w, https:\/\/kate-beautynow.com\/wp-content\/uploads\/2026\/04\/dove2-e1775787344496.jpg 225w\" sizes=\"auto, (max-width: 350px) 100vw, 350px\" \/><\/div>\n\t\t\t\t\t<\/a><span class=\"onsale\">Sale!<\/span><div class=\"loop-button-wrap button-width-auto button-layout3 \"><a href=\"\/index.php?rest_route=%2Fwp%2Fv2%2Fpages%2F8&#038;add-to-cart=24\" aria-label=\"Add to cart: &ldquo;Ziepes &quot;Dove&quot; Gentle Exfoliating, 90g&rdquo;\" data-quantity=\"1\" data-product_id=\"24\" data-product_sku=\"PROD-006\" rel=\"nofollow\" class=\"button wp-block-button__link add_to_cart_button ajax_add_to_cart\">Add to cart<\/a><\/div><\/div><a href=\"https:\/\/kate-beautynow.com\/?product=ziepes-dove-gentle-exfoliating-90g\" class=\"wc-block-grid__product-link\">\n\t\t\t\t\t<div class=\"wc-block-grid__product-title\">Ziepes &#8220;Dove&#8221; Gentle Exfoliating, 90g<\/div>\n\t\t\t\t<\/a><div class=\"wc-block-grid__product-price price\"><del aria-hidden=\"true\"><span class=\"woocommerce-Price-amount amount\">1,99&nbsp;<span class=\"woocommerce-Price-currencySymbol\">&euro;<\/span><\/span><\/del> <span class=\"screen-reader-text\">Original price was: 1,99&nbsp;&euro;.<\/span><ins aria-hidden=\"true\"><span class=\"woocommerce-Price-amount amount\">1,39&nbsp;<span class=\"woocommerce-Price-currencySymbol\">&euro;<\/span><\/span><\/ins><span class=\"screen-reader-text\">Current price is: 1,39&nbsp;&euro;.<\/span><\/div><\/li><li class=\"wc-block-grid__product product-grid \">\n\t\t\t\t<div class=\"loop-image-wrap botiga-add-to-cart-button-layout3\">\n\t\t\t\t\t<a href=\"https:\/\/kate-beautynow.com\/?product=dusas-zeleja-viriesiem-nivea-men-active-clean-500ml\" class=\"wc-block-grid__product-link\" title=\"Add to cart\">\n\t\t\t\t\t\t<div class=\"wc-block-grid__product-image\"><img loading=\"lazy\" decoding=\"async\" width=\"350\" height=\"350\" src=\"https:\/\/kate-beautynow.com\/wp-content\/uploads\/2026\/04\/nivea2-380x380.jpg\" class=\"attachment-woocommerce_thumbnail size-woocommerce_thumbnail\" alt=\"Du\u0161as \u017eeleja v\u012brie\u0161iem NIVEA MEN Active Clean, 500ml\" srcset=\"https:\/\/kate-beautynow.com\/wp-content\/uploads\/2026\/04\/nivea2-380x380.jpg 380w, https:\/\/kate-beautynow.com\/wp-content\/uploads\/2026\/04\/nivea2-e1775787984963-150x150.jpg 150w, https:\/\/kate-beautynow.com\/wp-content\/uploads\/2026\/04\/nivea2-e1775787984963-100x100.jpg 100w, https:\/\/kate-beautynow.com\/wp-content\/uploads\/2026\/04\/nivea2-300x300.jpg 300w, https:\/\/kate-beautynow.com\/wp-content\/uploads\/2026\/04\/nivea2-420x420.jpg 420w, https:\/\/kate-beautynow.com\/wp-content\/uploads\/2026\/04\/nivea2-e1775787984963.jpg 225w\" sizes=\"auto, (max-width: 350px) 100vw, 350px\" \/><\/div>\n\t\t\t\t\t<\/a><div class=\"loop-button-wrap button-width-auto button-layout3 \"><a href=\"\/index.php?rest_route=%2Fwp%2Fv2%2Fpages%2F8&#038;add-to-cart=22\" aria-label=\"Add to cart: &ldquo;Du\u0161as \u017eeleja v\u012brie\u0161iem NIVEA MEN Active Clean, 500ml&rdquo;\" data-quantity=\"1\" data-product_id=\"22\" data-product_sku=\"PROD-005\" rel=\"nofollow\" class=\"button wp-block-button__link add_to_cart_button ajax_add_to_cart\">Add to cart<\/a><\/div><\/div><a href=\"https:\/\/kate-beautynow.com\/?product=dusas-zeleja-viriesiem-nivea-men-active-clean-500ml\" class=\"wc-block-grid__product-link\">\n\t\t\t\t\t<div class=\"wc-block-grid__product-title\">Du\u0161as \u017eeleja v\u012brie\u0161iem NIVEA MEN Active Clean, 500ml<\/div>\n\t\t\t\t<\/a><div class=\"wc-block-grid__product-price price\"><span class=\"woocommerce-Price-amount amount\">6,49&nbsp;<span class=\"woocommerce-Price-currencySymbol\">&euro;<\/span><\/span><\/div><\/li><li class=\"wc-block-grid__product product-grid \">\n\t\t\t\t<div class=\"loop-image-wrap botiga-add-to-cart-button-layout3\">\n\t\t\t\t\t<a href=\"https:\/\/kate-beautynow.com\/?product=zobu-pasta-colgate-max-white-charcoal-75ml\" class=\"wc-block-grid__product-link\" title=\"Add to cart\">\n\t\t\t\t\t\t<div class=\"wc-block-grid__product-image\"><img loading=\"lazy\" decoding=\"async\" width=\"350\" height=\"350\" src=\"https:\/\/kate-beautynow.com\/wp-content\/uploads\/2026\/04\/colgate2-380x380.jpg\" class=\"attachment-woocommerce_thumbnail size-woocommerce_thumbnail\" alt=\"Zobu pasta Colgate Max White Charcoal, 75ml\" srcset=\"https:\/\/kate-beautynow.com\/wp-content\/uploads\/2026\/04\/colgate2-380x380.jpg 380w, https:\/\/kate-beautynow.com\/wp-content\/uploads\/2026\/04\/colgate2-e1775787419538-150x150.jpg 150w, https:\/\/kate-beautynow.com\/wp-content\/uploads\/2026\/04\/colgate2-e1775787419538-100x100.jpg 100w, https:\/\/kate-beautynow.com\/wp-content\/uploads\/2026\/04\/colgate2-300x300.jpg 300w, https:\/\/kate-beautynow.com\/wp-content\/uploads\/2026\/04\/colgate2-768x768.jpg 768w, https:\/\/kate-beautynow.com\/wp-content\/uploads\/2026\/04\/colgate2-575x575.jpg 575w, https:\/\/kate-beautynow.com\/wp-content\/uploads\/2026\/04\/colgate2-420x420.jpg 420w, https:\/\/kate-beautynow.com\/wp-content\/uploads\/2026\/04\/colgate2-e1775787419538.jpg 225w\" sizes=\"auto, (max-width: 350px) 100vw, 350px\" \/><\/div>\n\t\t\t\t\t<\/a><span class=\"onsale\">Sale!<\/span><div class=\"loop-button-wrap button-width-auto button-layout3 \"><a href=\"\/index.php?rest_route=%2Fwp%2Fv2%2Fpages%2F8&#038;add-to-cart=20\" aria-label=\"Add to cart: &ldquo;Zobu pasta Colgate Max White Charcoal, 75ml&rdquo;\" data-quantity=\"1\" data-product_id=\"20\" data-product_sku=\"PROD-004\" rel=\"nofollow\" class=\"button wp-block-button__link add_to_cart_button ajax_add_to_cart\">Add to cart<\/a><\/div><\/div><a href=\"https:\/\/kate-beautynow.com\/?product=zobu-pasta-colgate-max-white-charcoal-75ml\" class=\"wc-block-grid__product-link\">\n\t\t\t\t\t<div class=\"wc-block-grid__product-title\">Zobu pasta Colgate Max White Charcoal, 75ml<\/div>\n\t\t\t\t<\/a><div class=\"wc-block-grid__product-price price\"><del aria-hidden=\"true\"><span class=\"woocommerce-Price-amount amount\">4,49&nbsp;<span class=\"woocommerce-Price-currencySymbol\">&euro;<\/span><\/span><\/del> <span class=\"screen-reader-text\">Original price was: 4,49&nbsp;&euro;.<\/span><ins aria-hidden=\"true\"><span class=\"woocommerce-Price-amount amount\">3,99&nbsp;<span class=\"woocommerce-Price-currencySymbol\">&euro;<\/span><\/span><\/ins><span class=\"screen-reader-text\">Current price is: 3,99&nbsp;&euro;.<\/span><\/div><\/li><li class=\"wc-block-grid__product product-grid \">\n\t\t\t\t<div class=\"loop-image-wrap botiga-add-to-cart-button-layout3\">\n\t\t\t\t\t<a href=\"https:\/\/kate-beautynow.com\/?product=kondicionieris-elseve-dream-long-400ml\" class=\"wc-block-grid__product-link\" title=\"Add to cart\">\n\t\t\t\t\t\t<div class=\"wc-block-grid__product-image\"><img loading=\"lazy\" decoding=\"async\" width=\"225\" height=\"225\" src=\"https:\/\/kate-beautynow.com\/wp-content\/uploads\/2026\/04\/elseve2-e1775787398127.jpg\" class=\"attachment-woocommerce_thumbnail size-woocommerce_thumbnail\" alt=\"Kondicionieris ELSEVE Dream Long, 400ml\" srcset=\"https:\/\/kate-beautynow.com\/wp-content\/uploads\/2026\/04\/elseve2-e1775787398127.jpg 225w, https:\/\/kate-beautynow.com\/wp-content\/uploads\/2026\/04\/elseve2-e1775787398127-150x150.jpg 150w, https:\/\/kate-beautynow.com\/wp-content\/uploads\/2026\/04\/elseve2-e1775787398127-100x100.jpg 100w\" sizes=\"auto, (max-width: 225px) 100vw, 225px\" \/><\/div>\n\t\t\t\t\t<\/a><div class=\"loop-button-wrap button-width-auto button-layout3 \"><a href=\"\/index.php?rest_route=%2Fwp%2Fv2%2Fpages%2F8&#038;add-to-cart=18\" aria-label=\"Add to cart: &ldquo;Kondicionieris ELSEVE Dream Long, 400ml&rdquo;\" data-quantity=\"1\" data-product_id=\"18\" data-product_sku=\"PROD-003\" rel=\"nofollow\" class=\"button wp-block-button__link add_to_cart_button ajax_add_to_cart\">Add to cart<\/a><\/div><\/div><a href=\"https:\/\/kate-beautynow.com\/?product=kondicionieris-elseve-dream-long-400ml\" class=\"wc-block-grid__product-link\">\n\t\t\t\t\t<div class=\"wc-block-grid__product-title\">Kondicionieris ELSEVE Dream Long, 400ml<\/div>\n\t\t\t\t<\/a><div class=\"wc-block-grid__product-price price\"><span class=\"woocommerce-Price-amount amount\">7,49&nbsp;<span class=\"woocommerce-Price-currencySymbol\">&euro;<\/span><\/span><\/div><\/li><\/ul><\/div><\/div>\n<\/div>\n","protected":false},"excerpt":{"rendered":"","protected":false},"author":1,"featured_media":0,"parent":0,"menu_order":0,"comment_status":"closed","ping_status":"closed","template":"","meta":{"footnotes":""},"class_list":["post-8","page","type-page","status-publish","hentry"],"_links":{"self":[{"href":"https:\/\/kate-beautynow.com\/index.php?rest_route=\/wp\/v2\/pages\/8","targetHints":{"allow":["GET"]}}],"collection":[{"href":"https:\/\/kate-beautynow.com\/index.php?rest_route=\/wp\/v2\/pages"}],"about":[{"href":"https:\/\/kate-beautynow.com\/index.php?rest_route=\/wp\/v2\/types\/page"}],"author":[{"embeddable":true,"href":"https:\/\/kate-beautynow.com\/index.php?rest_route=\/wp\/v2\/users\/1"}],"replies":[{"embeddable":true,"href":"https:\/\/kate-beautynow.com\/index.php?rest_route=%2Fwp%2Fv2%2Fcomments&post=8"}],"version-history":[{"count":1,"href":"https:\/\/kate-beautynow.com\/index.php?rest_route=\/wp\/v2\/pages\/8\/revisions"}],"predecessor-version":[{"id":12,"href":"https:\/\/kate-beautynow.com\/index.php?rest_route=\/wp\/v2\/pages\/8\/revisions\/12"}],"wp:attachment":[{"href":"https:\/\/kate-beautynow.com\/index.php?rest_route=%2Fwp%2Fv2%2Fmedia&parent=8"}],"curies":[{"name":"wp","href":"https:\/\/api.w.org\/{rel}","templated":true}]}}